 = 5*m + 30. Calculate k(q).
-2
Let m(u) = -5*u + 16. Let b be m(4). Let p(l) = -l**3 - 5*l**2 - 3*l - 2. Calculate p(b).
-6
Let o(l) = -l**3 - 2*l**2. Suppose -3*c - 32 = -5*c. Suppose 4*f + c = 2*k + 4, -3*k - 2 = -f. What is o(k)?
0
Let o(w) = -14*w**2 - 1. Let h = 17 + -11. Let p(r) = 13*r**2 + 1. Let c(j) = h*p(j) + 5*o(j). Give c(-1).
9
Let r(i) = 82*i**2 + 0 - 76*i**2 - 7*i + i**3 - 4 + 1. Let g(u) = u**3 + 8*u**2 - 9*u - 7. Let p be g(-9). What is r(p)?
-3
Let s(g) = -g**3 - 2*g**2 + 2*g - 1. Let k(d) = -4*d - 10. Let b be k(-3). Calculate s(b).
-13
Let u(k) be the first derivative of 3*k**2 - 9*k - 3. Let g(f) = 3*f - 5. Let n(w) = -7*g(w) + 4*u(w). Let t be (-1 - 1)*2/4. Calculate n(t).
-4
Suppose -3*i - 2*k - 2 + 4 = 0, 0 = i - 3*k + 3. Let t be (-45)/(-18) + 1/(-2). Let j(a) = a**3 - 2*a**3 - 5 - 14*a**2 + 14*a**t. Give j(i).
-5
Let w be (-8)/10*5/(-2). Suppose -5*n + 4*n + 1 = 0. Let l(c) = c**2 + n - 3*c - w*c**2 - 5. What is l(-3)?
-4
Let a(q) = 4*q. Suppose 3*h - 6*h + 18 = 0. Let g = -5 + h. Give a(g).
4
Let j(q) = -4*q**2 - 2*q - 3. Let k(v) = -v**2 - 13*v - 16. Let o be k(-11). Suppose -4*a = -a + o. Determine j(a).
-15
Let k(j) = 3*j**2 - 5*j - 6. Let v = -6 - -31. Suppose -5*h = t - 26 + 6, h - 4*t - v = 0. Let b(u) = -4*u**2 + 5*u + 7. Let z(w) = h*k(w) + 4*b(w). Give z(-2).
4
Let w(n) be the first derivative of n**5/120 - n**4/6 + n**3/3 + 2. Let q(o) be the third derivative of w(o). Calculate q(4).
0
Let o(l) be the third derivative of -l**4/24 + 5*l**3/3 + l**2. Suppose -c = 4*c. Give o(c).
10
Let z(s) be the first derivative of -2*s**3/3 - 3*s**2/2 - 3*s - 310. Suppose 3*x = -3*h + 9 - 3, 14 = -3*h + 2*x. Determine z(h).
-5
Let z(v) be the third derivative of -v**6/360 + v**5/30 + v**4/24 - 5*v**3/3 + 8*v**2. Let d(r) be the first derivative of z(r). Give d(4).
1
Let l be 1 - (1 - 0) - -1. Let v(x) = 0 + l + 4*x**2 - 3*x**2. Let r = -4 - -5. Determine v(r).
2
Let u = 1 - 4. Let q(n) = -4*n + 1. Let m(p) = 1 + p - 5 + 4. Let i(d) = 10*m(d) + 2*q(d). What is i(u)?
-4
Let a(g) = g + 0 + 0*g + 5. Let c be a(0). Let k = c - 7. Let i(q) = 2*q + 3. What is i(k)?
-1
Let h be (-1)/(4 - 2 - 3). Let v(x) = -1 - h + 6*x - 1 + x**2. What is v(-6)?
-3
Let a = 11 + -31. Let s = a - -20. Let l(b) be the first derivative of -b**2/2 + 1. What is l(s)?
0
Let y(s) be the second derivative of -s**4/12 + s**3 - 2*s**2 + 7*s. Calculate y(5).
1
Let g(l) = -l - 2. Suppose -6*m + 13 = 49. Determine g(m).
4
Let k(p) = p**2 + 5*p + 4. Let z be k(-5). Let o(g) = -11*g + 2 + 2*g - 4 - 5*g**2. Let f(l) = -14*l**2 - 26*l - 6. Let w(n) = -6*f(n) + 17*o(n). Give w(z).
-2
Let s(o) = o**3 + 3*o**2 - 6*o - 2. Let x be s(-4). Let z(j) = 2 - 4 - 3 + 2*j + 0. What is z(x)?
7
Let w(a) = -13*a + 19*a - 6 + 27 + 22*a. Let p = 9 + -14. Let c(z) = -7*z - 5. Let x(s) = p*w(s) - 21*c(s). Determine x(1).
7
Let j(q) = q + 6 - 1 - 13*q**2 - 8*q + 2*q. Let a(h) = -h**2 - h + 1. Let y(w) = 4*a(w) - j(w). Give y(1).
9
Let v(t) = -2*t**3 + 2*t**2 + t + 2. Suppose 20*l - 22*l - 10 = 0. Suppose h + 3*x = 15 + 7, 3*x = -2*h + 29. Let i = l + h. Give v(i).
-4
Let a = 30 - 29. Let y(t) = -7*t**3 - t**2 - t + 1. Calculate y(a).
-8
Let d(y) = y**3 - 2*y**2 + 3*y - 1. Suppose 5*w = -5*w + 30. Calculate d(w).
17
Let v(l) = 2*l**2 + l - 2. Let f = 1 - 0. Suppose -21 + f = -5*a. Suppose 0 = -3*q - a - 2. Determine v(q).
4
Let y = 2 - 3. Let z(n) = n**2 + 0 + 1 + 2*n + 0*n**2. Calculate z(y).
0
Suppose -3*t - 13 = j, 6 = 3*j - 4*t + 19. Let g(l) = -2*l - 9. What is g(j)?
5
Suppose -4*p = -4*h - 0*p, 4*h + 2 = 5*p. Suppose 2 = h*t - 2. Suppose t*c - 8 = -4*y + 3*y, 5*y - 26 = -3*c. Let f(x) = x**2 - 4*x + 3. Give f(y).
3
Let f = 0 + 5. Let k(z) = -z**3 + 3*z**2 - f*z**2 + 4 - 4*z - 3*z**2. Let l be 8/3*6/(-4). Calculate k(l).
4
Let u(b) = -6*b - 3. Let l be (-15)/10 - (-21)/6. Let f = 0 - l. Give u(f).
9
Let h(t) = -t**2 + 1. Suppose -2 = 4*u - 5*y + 2*y, 2*u + 2*y = 6. Suppose -4*z = -2*l - 14, 4*z + l = u + 4. Calculate h(z).
-3
Let t(q) = q + 13. Let k be (-4 + 5 - -2)*(-3)/1. Determine t(k).
4
Suppose 5*x - 5 - 5 = 0. Suppose -4*l - 5*u = -10, 4*l - 20 = x*u + 4. Let q(o) = o**2 - 2*o - 7. Let y(i) = i. Let a(v) = l*y(v) + q(v). What is a(-5)?
3
Let f = 4 - 1. Let i(u) be the second derivative of -u**5/20 + u**4/3 - u**3/2 - u**2 + 3*u. Calculate i(f).
-2
Let a(p) = -p**2 - 13*p + 3. Let x be a(-12). Suppose 0*t + t = -4*f + 6, -2*t = -f + x. Let u(h) = h + 13. Calculate u(t).
7
Let p(t) be the first derivative of -1/2*t**2 + 2 + 0*t. Give p(3).
-3
Suppose -21*v = -18*v - 3. Let h(p) = 7*p - 1. Determine h(v).
6
Let q(v) = -v**3 - 5*v**2 - 2*v - 4. Suppose -5*x + 2*h + 155 = 0, 5*x = -0*x - 4*h + 185. Let o be 2/4 - x/6. Give q(o).
6
Let m(n) be the second derivative of n**5/60 + n**3/2 + 4*n. Let j(w) be the second derivative of m(w). Determine j(5).
10
Let u(y) = -6 - 5 + y + 9. Calculate u(2).
0
Let k be 1 + -4 - 1*0/3. Let y(x) = x**2 + x - 1. What is y(k)?
5
Let w(a) = -a**2. Let m be (5/4)/((-7)/28). Let x be m/2 - 3/(-6). Calculate w(x).
-4
Let h(u) = -2*u**2 + 5*u - 4. Let g be 155/(-55) + (-2)/11. Suppose s = 3*s. Let i = s - g. Determine h(i).
-7
Let b(h) = h**2 - 6*h + 7. Let d be 1 - -1 - (3 - 5). Let q = d - 3. Let c be (1 + -11)*q/(-2). What is b(c)?
2
Suppose 4*u = s - 18, s + s - 16 = 4*u. Let i(b) be the third derivative of -b**4/8 - b**3/2 + b**2. Determine i(u).
12
Let w(t) = t**3 - 3*t**2 - 5*t - 3. Suppose -20 = -0*g - 5*g. Calculate w(g).
-7
Suppose 0 = 4*h - 3*h - 4. Let t(i) = -17*i**2 + 2*i**3 + 16*i**2 + h*i**3. Give t(1).
5
Let y(f) = -2*f. Suppose -13*z + 12*z - 5 = 0. What is y(z)?
10
Suppose -4*x - 176 = -4*i - 0*x, -28 = -i - 3*x. Suppose 0 = -0*m + 4*m - i. Suppose -5*l = 2*d - 15, -d = 2*d + l + m. Let a(k) = -k - 5. Determine a(d).
0
Suppose 0 = 2*d + 2 - 4. Let q = 3 + d. Suppose 3*z + 2*c = -10, -18 = q*c + 2. Let v(m) = -m - 7. What is v(z)?
-7
Let x(u) be the second derivative of u**3/3 + 2*u**2 - 6*u. Determine x(6).
16
Let r(n) = -n + 3. Let o(q) = -q**2 + 1. Let p(g) = -2*o(g) + r(g). Calculate p(3).
16
Let i = 18 - 18. Suppose 0 = v - 5*r + 7, 2*v + 3*v - 4*r + 14 = i. Let g(j) = -j**3 - j**2 + 2. What is g(v)?
6
Let a(f) = f**2 + 3. Let y(w) = -w**2 + 11*w - 10. Let c be y(10). Determine a(c).
3
Let c(q) be the first derivative of q**3/6 - q**2 + 3*q + 1. Let a(s) be the first derivative of c(s). Let d be -7 + 3 + 1 + -2. Calculate a(d).
-7
Let q(y) be the first derivative of y**2 + 10*y - 1. What is q(-7)?
-4
Let m(z) = -z**2 - 3*z - 2. Let h = 9 + -6. Let l be -1*7 - (0 - h). Determine m(l).
-6
Let k(x) = -6*x**2 - 2*x + 3. Suppose -15*m = -6*m - 18. Determine k(m).
-25
Let h(t) = t. Suppose 2*w = 3*w - 4. Suppose -2*m - 3*r + 31 = 0, 7*r + 46 = 5*m + w*r. Suppose 4*f - m - 5 = 0. Give h(f).
4
Let q(f) = 1. Let j(r) = -3*r - 6. Let n(b) = -j(b) - 3*q(b). Let l(z) = -z**3 - 2*z**2 + z. Let w = 8 + -10. Let d be l(w). What is n(d)?
-3
Let t(z) = -z. Suppose -b + 9 = -3*j - 3, -2*j = 3*b + 8. What is t(b)?
0
Let v(t) = -t**2 - 6*t - 6. Let h = -18 + 23. Suppose 7 + h = -2*k. Calculate v(k).
-6
Let j(s) = -5*s - 4 + 1 + 3. Let u be 0 + -1 - (-3)/3. Suppose b + u*b - 3 = w, -w = 2*b - 3. Determine j(b).
-10
Let k(j) = -j - 5 + j - 115*j**2 + j**3 + 116*j**2. What is k(0)?
-5
Let s(g) = -g**3 - 5*g**2 + 2*g + 4. Let z(v) = v**3 + 6*v**2 - 11*v - 13. Let n be z(-7). Suppose 3*r + 0 + n = 0. Give s(r).
-6
Suppose -4*k = -3 + 11. Let p(w) = 3*w. Calculate p(k).
-6
Let n = 6 + -4. Suppose 0 = d + 2*v + 14, 3*d + v = n*v - 7. Let t(i) = -2. Let x(u) = u - 1. Let s(c) = -4*t(c) + 3*x(c). Calculate s(d).
-7
Let v = -25 - -81. Suppose -2*j + 4*r + v = 0, 8*j = 4*j - 3*r + 68. Suppose -4*d + 0*d = -j. Let m(x) = x. Determine m(d).
5
Let f(w) = 6*w + 4*w**3 - 5*w**3 - 3*w - w + 1. Give f(3).
-20
Suppose 2*r = 3*r, -3*r + 10 = -b. Let i be (2/4)/(5/b). Let a(s) = -s**2 + s + 1. What is a(i)?
-1
Let h(k) = -k**2 + 7*k - 3. Let q = -42 + 48. Determine h(q).
3
Suppose -3*a + 3 = -r - 3, -r + a = 0. Let g(l) = -l**2 - 4. Give g(r).
-13
Let g(s) = -6*s**3 + 4*s**2 - 29*s - 24. Let w(t) = t**3 - t**2 + 6*t + 5. Let n(r) = -2*g(r) - 11*w(r). Give n(-5).
-17
Let x(z) = 1 + 32*z**3 - 4*z**2 + 3*z + 37*z**3 - z - 70*z**3. Let g(q) = q**2 + 6*q + 5. Let r be